{"id":4695,"date":"2015-09-10T21:47:33","date_gmt":"2015-09-10T21:47:33","guid":{"rendered":"https:\/\/chorussinenomine.at\/konzerte\/mit-einander-fuer-einander\/"},"modified":"2015-09-10T21:47:33","modified_gmt":"2015-09-10T21:47:33","slug":"mit-einander-fuer-einander","status":"publish","type":"concerts","link":"https:\/\/www.chorussinenomine.at\/en\/konzert\/mit-einander-fuer-einander\/","title":{"rendered":"Mit einander &#8211; f\u00fcr einander"},"content":{"rendered":"<p>Die vielen menschlichen Dramen dieser Tage haben uns tief ber\u00fchrt und darum geben wir, die MusikerInnen des Orchesters Wiener Akademie, die S\u00e4ngerInnen des Chorus sine nomine und unsere namhaften SolistInnen am Sonntag, dem 27. September um 11:00 Uhr ein Benefizkonzert mit Beethovens Neunter Symphonie unter dem Motto &#8220;Miteinander &#8211; F\u00fcreinander&#8221;, um ein Zeichen f\u00fcr den menschlichen und respektvollen Umgang mit unseren Mitmenschen in Not zu setzen. Dieses Konzert findet im Rahmen der aktuellen RESOUND-Beethoven-Reihe in Zusammenarbeit mit der Jeunesse im Gro\u00dfen Redoutensaal der Wiener Hofburg als zus\u00e4tzliche Auff\u00fchrung der Zykluskonzerte des 26. &amp; 27. September 2015 statt. Der Reinerl\u00f6s der Eintrittskarten sowie alle bei den Konzerten gesammelten Spenden kommen mithilfe des Wiener Roten Kreuzes notleidenden Fl\u00fcchtlingen und hilfsbed\u00fcrftigen Mitmenschen zugute.<\/p>\n","protected":false},"featured_media":3520,"template":"","tags":[46],"class_list":["post-4695","concerts","type-concerts","status-publish","has-post-thumbnail","hentry","tag-2015_beethoven"],"acf":[],"_links":{"self":[{"href":"https:\/\/www.chorussinenomine.at\/en\/wp-json\/wp\/v2\/concerts\/4695","targetHints":{"allow":["GET"]}}],"collection":[{"href":"https:\/\/www.chorussinenomine.at\/en\/wp-json\/wp\/v2\/concerts"}],"about":[{"href":"https:\/\/www.chorussinenomine.at\/en\/wp-json\/wp\/v2\/types\/concerts"}],"wp:featuredmedia":[{"embeddable":true,"href":"https:\/\/www.chorussinenomine.at\/en\/wp-json\/wp\/v2\/media\/3520"}],"wp:attachment":[{"href":"https:\/\/www.chorussinenomine.at\/en\/wp-json\/wp\/v2\/media?parent=4695"}],"wp:term":[{"taxonomy":"post_tag","embeddable":true,"href":"https:\/\/www.chorussinenomine.at\/en\/wp-json\/wp\/v2\/tags?post=4695"}],"curies":[{"name":"wp","href":"https:\/\/api.w.org\/{rel}","templated":true}]}}

Mit einander &#8211; für einander

<p>Die vielen menschlichen Dramen dieser Tage haben uns tief berührt und darum geben wir, die MusikerInnen des Orchesters Wiener Akademie, die SängerInnen des Chorus sine nomine und unsere namhaften SolistInnen am Sonntag, dem 27. September um 11:00 Uhr ein Benefizkonzert mit Beethovens Neunter Symphonie unter dem Motto &#8220;Miteinander &#8211; Füreinander&#8221;, um ein Zeichen für den menschlichen und respektvollen Umgang mit unseren Mitmenschen in Not zu setzen. Dieses Konzert findet im Rahmen der aktuellen RESOUND-Beethoven-Reihe in Zusammenarbeit mit der Jeunesse im Großen Redoutensaal der Wiener Hofburg als zusätzliche Aufführung der Zykluskonzerte des 26. &amp; 27. September 2015 statt. Der Reinerlös der Eintrittskarten sowie alle bei den Konzerten gesammelten Spenden kommen mithilfe des Wiener Roten Kreuzes notleidenden Flüchtlingen und hilfsbedürftigen Mitmenschen zugute.</p>
