{"id":4666,"date":"2015-01-03T22:10:18","date_gmt":"2015-01-03T22:10:18","guid":{"rendered":"https:\/\/chorussinenomine.at\/konzerte\/festino-2\/"},"modified":"2015-01-03T22:10:18","modified_gmt":"2015-01-03T22:10:18","slug":"festino-2","status":"publish","type":"concerts","link":"https:\/\/www.chorussinenomine.at\/en\/konzert\/festino-2\/","title":{"rendered":"Festino"},"content":{"rendered":"<p>Komm, sing mit!<br \/>\n&#8220;h\u00f6ren &#8211; selber singen &#8211; staunen &#8211; kosten &#8211; entdecken und genie\u00dfen&#8221;<\/p>\n<p>Bei FESTINO musizieren die S\u00e4ngerinnen und S\u00e4nger des Chorus sine nomine in den verschiedensten Formationen mit dem und f\u00fcr ihr Publikum von 0-99 Jahren, und zwar in allen R\u00e4umen des Musischen Zentrum Wien im 8. Bezirk. Hier ist das Ensemble seit Jahren zuhause, von hier aus unternimmt es Konzertreisen quer durch Europa, Asien und Amerika. <\/p>\n<p>Herzliche Einladung zu FESTINO am Valentinstag 2015!<\/p>\n","protected":false},"featured_media":3504,"template":"","tags":[42],"class_list":["post-4666","concerts","type-concerts","status-publish","has-post-thumbnail","hentry","tag-2015_festino"],"acf":[],"_links":{"self":[{"href":"https:\/\/www.chorussinenomine.at\/en\/wp-json\/wp\/v2\/concerts\/4666","targetHints":{"allow":["GET"]}}],"collection":[{"href":"https:\/\/www.chorussinenomine.at\/en\/wp-json\/wp\/v2\/concerts"}],"about":[{"href":"https:\/\/www.chorussinenomine.at\/en\/wp-json\/wp\/v2\/types\/concerts"}],"wp:featuredmedia":[{"embeddable":true,"href":"https:\/\/www.chorussinenomine.at\/en\/wp-json\/wp\/v2\/media\/3504"}],"wp:attachment":[{"href":"https:\/\/www.chorussinenomine.at\/en\/wp-json\/wp\/v2\/media?parent=4666"}],"wp:term":[{"taxonomy":"post_tag","embeddable":true,"href":"https:\/\/www.chorussinenomine.at\/en\/wp-json\/wp\/v2\/tags?post=4666"}],"curies":[{"name":"wp","href":"https:\/\/api.w.org\/{rel}","templated":true}]}}

<p>Komm, sing mit!<br />
&#8220;hören &#8211; selber singen &#8211; staunen &#8211; kosten &#8211; entdecken und genießen&#8221;</p>
<p>Bei FESTINO musizieren die Sängerinnen und Sänger des Chorus sine nomine in den verschiedensten Formationen mit dem und für ihr Publikum von 0-99 Jahren, und zwar in allen Räumen des Musischen Zentrum Wien im 8. Bezirk. Hier ist das Ensemble seit Jahren zuhause, von hier aus unternimmt es Konzertreisen quer durch Europa, Asien und Amerika. </p>
<p>Herzliche Einladung zu FESTINO am Valentinstag 2015!</p>
