{"id":4610,"date":"2014-01-15T16:27:24","date_gmt":"2014-01-15T16:27:24","guid":{"rendered":"https:\/\/chorussinenomine.at\/konzerte\/silent-night\/"},"modified":"2014-01-15T16:27:24","modified_gmt":"2014-01-15T16:27:24","slug":"silent-night","status":"publish","type":"concerts","link":"https:\/\/www.chorussinenomine.at\/en\/konzert\/silent-night\/","title":{"rendered":"Silent Night"},"content":{"rendered":"<p>Er\u00f6ffnungskonzert der 28. Paul Hofhaimer Tage Radstadt, Festival f\u00fcr Alte Musik &amp; Neue T\u00f6ne<\/p>\n","protected":false},"featured_media":3438,"template":"","tags":[34],"class_list":["post-4610","concerts","type-concerts","status-publish","has-post-thumbnail","hentry","tag-34"],"acf":[],"_links":{"self":[{"href":"https:\/\/www.chorussinenomine.at\/en\/wp-json\/wp\/v2\/concerts\/4610","targetHints":{"allow":["GET"]}}],"collection":[{"href":"https:\/\/www.chorussinenomine.at\/en\/wp-json\/wp\/v2\/concerts"}],"about":[{"href":"https:\/\/www.chorussinenomine.at\/en\/wp-json\/wp\/v2\/types\/concerts"}],"wp:featuredmedia":[{"embeddable":true,"href":"https:\/\/www.chorussinenomine.at\/en\/wp-json\/wp\/v2\/media\/3438"}],"wp:attachment":[{"href":"https:\/\/www.chorussinenomine.at\/en\/wp-json\/wp\/v2\/media?parent=4610"}],"wp:term":[{"taxonomy":"post_tag","embeddable":true,"href":"https:\/\/www.chorussinenomine.at\/en\/wp-json\/wp\/v2\/tags?post=4610"}],"curies":[{"name":"wp","href":"https:\/\/api.w.org\/{rel}","templated":true}]}}

<p>Eröffnungskonzert der 28. Paul Hofhaimer Tage Radstadt, Festival für Alte Musik &amp; Neue Töne</p>
