{"id":4602,"date":"2014-01-29T19:51:43","date_gmt":"2014-01-29T19:51:43","guid":{"rendered":"https:\/\/chorussinenomine.at\/konzerte\/tagtraeume-nachtwache-3\/"},"modified":"2014-01-29T19:51:43","modified_gmt":"2014-01-29T19:51:43","slug":"tagtraeume-nachtwache-3","status":"publish","type":"concerts","link":"https:\/\/www.chorussinenomine.at\/en\/konzert\/tagtraeume-nachtwache-3\/","title":{"rendered":"Tagtr\u00e4ume. Nachtwache"},"content":{"rendered":"<p>\u00dcbertragung des Mitschnitts von unserem Konzert am 22. Februar im Goldenen Saal des Wiener Musikvereins in \u00d61<\/p>\n<p><strong><a href=\"http:\/\/oe1.orf.at\/programm\/365781\" target=\"_blank\" rel=\"noopener\">Hier<\/a><\/strong> k\u00f6nnen Sie den Mitschnitt 7 Tage nachh\u00f6ren!<\/p>\n","protected":false},"featured_media":3335,"template":"","tags":[16],"class_list":["post-4602","concerts","type-concerts","status-publish","has-post-thumbnail","hentry","tag-16"],"acf":[],"_links":{"self":[{"href":"https:\/\/www.chorussinenomine.at\/en\/wp-json\/wp\/v2\/concerts\/4602","targetHints":{"allow":["GET"]}}],"collection":[{"href":"https:\/\/www.chorussinenomine.at\/en\/wp-json\/wp\/v2\/concerts"}],"about":[{"href":"https:\/\/www.chorussinenomine.at\/en\/wp-json\/wp\/v2\/types\/concerts"}],"wp:featuredmedia":[{"embeddable":true,"href":"https:\/\/www.chorussinenomine.at\/en\/wp-json\/wp\/v2\/media\/3335"}],"wp:attachment":[{"href":"https:\/\/www.chorussinenomine.at\/en\/wp-json\/wp\/v2\/media?parent=4602"}],"wp:term":[{"taxonomy":"post_tag","embeddable":true,"href":"https:\/\/www.chorussinenomine.at\/en\/wp-json\/wp\/v2\/tags?post=4602"}],"curies":[{"name":"wp","href":"https:\/\/api.w.org\/{rel}","templated":true}]}}

Tagträume. Nachtwache

<p>Übertragung des Mitschnitts von unserem Konzert am 22. Februar im Goldenen Saal des Wiener Musikvereins in Ö1</p>
<p><strong><a href="http://oe1.orf.at/programm/365781" target="_blank" rel="noopener">Hier</a></strong> können Sie den Mitschnitt 7 Tage nachhören!</p>
