{"id":4597,"date":"2013-07-04T21:30:45","date_gmt":"2013-07-04T21:30:45","guid":{"rendered":"https:\/\/chorussinenomine.at\/konzerte\/oe1-klassik-treffpunkt-2\/"},"modified":"2013-07-04T21:30:45","modified_gmt":"2013-07-04T21:30:45","slug":"oe1-klassik-treffpunkt-2","status":"publish","type":"concerts","link":"https:\/\/www.chorussinenomine.at\/en\/konzert\/oe1-klassik-treffpunkt-2\/","title":{"rendered":"\u00d61 Klassik-Treffpunkt"},"content":{"rendered":"<p>Chorleiter und Dirigent Johannes Hiemetsberger zu Gast bei Albert Hosp im \u00d61 Klassik-Treffpunkt. Wir freuen uns auf Ihren Besuch im \u201cRadioCafe\u201d Argentinierstra\u00dfe 30a, 1040 Wien, und auf Zuh\u00f6rerInnen vor dem Radio live in \u00d61!<\/p>\n<p><a href=\"http:\/\/oe1.orf.at\/programm\/358328\" target=\"_blank\" rel=\"noopener\">Hier k\u00f6nnen Sie die Sendung noch f\u00fcr eine Woche online anh\u00f6ren: http:\/\/oe1.orf.at\/programm\/358328<\/a><\/p>\n","protected":false},"featured_media":3430,"template":"","tags":[],"class_list":["post-4597","concerts","type-concerts","status-publish","has-post-thumbnail","hentry"],"acf":[],"_links":{"self":[{"href":"https:\/\/www.chorussinenomine.at\/en\/wp-json\/wp\/v2\/concerts\/4597","targetHints":{"allow":["GET"]}}],"collection":[{"href":"https:\/\/www.chorussinenomine.at\/en\/wp-json\/wp\/v2\/concerts"}],"about":[{"href":"https:\/\/www.chorussinenomine.at\/en\/wp-json\/wp\/v2\/types\/concerts"}],"wp:featuredmedia":[{"embeddable":true,"href":"https:\/\/www.chorussinenomine.at\/en\/wp-json\/wp\/v2\/media\/3430"}],"wp:attachment":[{"href":"https:\/\/www.chorussinenomine.at\/en\/wp-json\/wp\/v2\/media?parent=4597"}],"wp:term":[{"taxonomy":"post_tag","embeddable":true,"href":"https:\/\/www.chorussinenomine.at\/en\/wp-json\/wp\/v2\/tags?post=4597"}],"curies":[{"name":"wp","href":"https:\/\/api.w.org\/{rel}","templated":true}]}}

Ö1 Klassik-Treffpunkt

<p>Chorleiter und Dirigent Johannes Hiemetsberger zu Gast bei Albert Hosp im Ö1 Klassik-Treffpunkt. Wir freuen uns auf Ihren Besuch im “RadioCafe” Argentinierstraße 30a, 1040 Wien, und auf ZuhörerInnen vor dem Radio live in Ö1!</p>
<p><a href="http://oe1.orf.at/programm/358328" target="_blank" rel="noopener">Hier können Sie die Sendung noch für eine Woche online anhören: http://oe1.orf.at/programm/358328</a></p>
