{"id":4522,"date":"2013-07-04T21:39:28","date_gmt":"2013-07-04T21:39:28","guid":{"rendered":"https:\/\/chorussinenomine.at\/konzerte\/tagtraeume-nachtwache\/"},"modified":"2013-07-04T21:39:28","modified_gmt":"2013-07-04T21:39:28","slug":"tagtraeume-nachtwache","status":"publish","type":"concerts","link":"https:\/\/www.chorussinenomine.at\/en\/konzert\/tagtraeume-nachtwache\/","title":{"rendered":"Tagtr\u00e4ume. Nachtwache"},"content":{"rendered":"<p>\u00dcbrigens: Am Vormittag ist unser Begleiter Roger Vignoles Gespr\u00e4chsgast auf \u00d61, spielt m\u00f6glicherweise auch etwas live am Pianino und: singt!<\/p>\n<p>Sa, 22.Februar 2014 10:05 &#8211; 11:35 Uhr<br \/>\n\u00d61 und Radiocaf\u00e9, Argentinierstra\u00dfe 30a<\/p>\n<p>&nbsp;<\/p>\n","protected":false},"featured_media":3335,"template":"","tags":[16],"class_list":["post-4522","concerts","type-concerts","status-publish","has-post-thumbnail","hentry","tag-16"],"acf":[],"_links":{"self":[{"href":"https:\/\/www.chorussinenomine.at\/en\/wp-json\/wp\/v2\/concerts\/4522","targetHints":{"allow":["GET"]}}],"collection":[{"href":"https:\/\/www.chorussinenomine.at\/en\/wp-json\/wp\/v2\/concerts"}],"about":[{"href":"https:\/\/www.chorussinenomine.at\/en\/wp-json\/wp\/v2\/types\/concerts"}],"wp:featuredmedia":[{"embeddable":true,"href":"https:\/\/www.chorussinenomine.at\/en\/wp-json\/wp\/v2\/media\/3335"}],"wp:attachment":[{"href":"https:\/\/www.chorussinenomine.at\/en\/wp-json\/wp\/v2\/media?parent=4522"}],"wp:term":[{"taxonomy":"post_tag","embeddable":true,"href":"https:\/\/www.chorussinenomine.at\/en\/wp-json\/wp\/v2\/tags?post=4522"}],"curies":[{"name":"wp","href":"https:\/\/api.w.org\/{rel}","templated":true}]}}

Tagträume. Nachtwache

<p>Übrigens: Am Vormittag ist unser Begleiter Roger Vignoles Gesprächsgast auf Ö1, spielt möglicherweise auch etwas live am Pianino und: singt!</p>
<p>Sa, 22.Februar 2014 10:05 &#8211; 11:35 Uhr<br />
Ö1 und Radiocafé, Argentinierstraße 30a</p>
<p>&nbsp;</p>
