{"id":4503,"date":"2013-05-05T09:24:16","date_gmt":"2013-05-05T09:24:16","guid":{"rendered":"https:\/\/chorussinenomine.at\/konzerte\/festino\/"},"modified":"2013-05-05T09:24:16","modified_gmt":"2013-05-05T09:24:16","slug":"festino","status":"publish","type":"concerts","link":"https:\/\/www.chorussinenomine.at\/en\/konzert\/festino\/","title":{"rendered":"Festino"},"content":{"rendered":"<p>FESTINO = ein Festival in barockem Rahmen.<br \/>\nFESTINO = einen Junisonntag lang mit dem Chorus sine nomine das Benediktinerstift Melk erleben.<br \/>\nFESTINO = feiern Sie mit uns!<\/p>\n<p>Ein Tag voller Chorkonzerte: das Benediktinerstift Melk und der Chorus sine nomine laden zu einer speziellen &#8220;Sight-Singing-Tour&#8221; 2013.<\/p>\n<p>Einen Sonntag lang besingt der Chorus sine nomine in kleinen und gro\u00dfen Formationen das Benediktinerstift Melk und musiziert quer durch Stile und Jahrhunderte &#8211; von der Urauff\u00fchrung bis hin zu uralten vokalen Hits, die man einfach kennen muss, und zwar f\u00fcr gro\u00dfe und kleine H\u00f6rerinnen und H\u00f6rer, f\u00fcr Aug und Ohr &#8230;<\/p>\n<p>Besuchen Sie mit uns und &#8220;Reisef\u00fchrer&#8221; Albert Hosp (\u00d61) bekannte und unbekannte Orte des Weltkulturerbes und bring your family!<\/p>\n<p><strong>09.30 Uhr<\/strong> Gottesdienst in der Melker Stiftskirche<br \/>\n<strong>11.30 Uhr<\/strong> singen &amp; speisen<br \/>\n<strong>14.30 Uhr<\/strong> musikalischer Stiftsrundgang<br \/>\n<strong>18.00<\/strong> Uhr Konzert<\/p>\n","protected":false},"featured_media":3307,"template":"","tags":[8],"class_list":["post-4503","concerts","type-concerts","status-publish","has-post-thumbnail","hentry","tag-8"],"acf":[],"_links":{"self":[{"href":"https:\/\/www.chorussinenomine.at\/en\/wp-json\/wp\/v2\/concerts\/4503","targetHints":{"allow":["GET"]}}],"collection":[{"href":"https:\/\/www.chorussinenomine.at\/en\/wp-json\/wp\/v2\/concerts"}],"about":[{"href":"https:\/\/www.chorussinenomine.at\/en\/wp-json\/wp\/v2\/types\/concerts"}],"wp:featuredmedia":[{"embeddable":true,"href":"https:\/\/www.chorussinenomine.at\/en\/wp-json\/wp\/v2\/media\/3307"}],"wp:attachment":[{"href":"https:\/\/www.chorussinenomine.at\/en\/wp-json\/wp\/v2\/media?parent=4503"}],"wp:term":[{"taxonomy":"post_tag","embeddable":true,"href":"https:\/\/www.chorussinenomine.at\/en\/wp-json\/wp\/v2\/tags?post=4503"}],"curies":[{"name":"wp","href":"https:\/\/api.w.org\/{rel}","templated":true}]}}

<p>FESTINO = ein Festival in barockem Rahmen.<br />
FESTINO = einen Junisonntag lang mit dem Chorus sine nomine das Benediktinerstift Melk erleben.<br />
FESTINO = feiern Sie mit uns!</p>
<p>Ein Tag voller Chorkonzerte: das Benediktinerstift Melk und der Chorus sine nomine laden zu einer speziellen &#8220;Sight-Singing-Tour&#8221; 2013.</p>
<p>Einen Sonntag lang besingt der Chorus sine nomine in kleinen und großen Formationen das Benediktinerstift Melk und musiziert quer durch Stile und Jahrhunderte &#8211; von der Uraufführung bis hin zu uralten vokalen Hits, die man einfach kennen muss, und zwar für große und kleine Hörerinnen und Hörer, für Aug und Ohr &#8230;</p>
<p>Besuchen Sie mit uns und &#8220;Reiseführer&#8221; Albert Hosp (Ö1) bekannte und unbekannte Orte des Weltkulturerbes und bring your family!</p>
<p><strong>09.30 Uhr</strong> Gottesdienst in der Melker Stiftskirche<br />
<strong>11.30 Uhr</strong> singen &amp; speisen<br />
<strong>14.30 Uhr</strong> musikalischer Stiftsrundgang<br />
<strong>18.00</strong> Uhr Konzert</p>
